{"id":41,"date":"2019-07-15T12:11:43","date_gmt":"2019-07-15T15:11:43","guid":{"rendered":"https:\/\/almasge.com.br\/site\/?page_id=41"},"modified":"2022-11-15T08:11:28","modified_gmt":"2022-11-15T11:11:28","slug":"contato","status":"publish","type":"page","link":"https:\/\/almasge.com.br\/site\/contato\/","title":{"rendered":"Contato"},"content":{"rendered":"\n<div class=\"wp-block-columns has-2-columns is-layout-flex wp-container-core-columns-is-layout-9d6595d7 wp-block-columns-is-layout-flex\">\n<div class=\"wp-block-column is-layout-flow wp-block-column-is-layout-flow\">\n<p>Entre em contato conosco atrav\u00e9s do formul\u00e1rio e envie sua mensagem, tire d\u00favidas ou solicite or\u00e7amentos.<\/p>\n\n\n\n<p>Voc\u00ea tamb\u00e9m pode entrar em contato conosco atrav\u00e9s das informa\u00e7\u00f5es abaixo:<\/p>\n\n\n\n<p class=\"mt-5\"><a href=\"https:\/\/api.whatsapp.com\/send?phone=554132069019\"><img decoding=\"async\" width=\"16px\" src=\"https:\/\/almasge.com.br\/site\/wp-content\/themes\/almasge\/images\/whatsapp_black.png\" class=\"img-fluid mr-2\"><\/a><strong> (41) 3206-9019<\/strong><br><a href=\"mailto:contato@almasge.com.br\">contato@almasge.com.br<\/a><\/p>\n\n\n\n<h5 class=\"mt-5 wp-block-heading\">Localiza\u00e7\u00e3o<\/h5>\n\n\n\n<p class=\"small text-muted\">Rua Coronel Adyr Guimar\u00e3es, 500<\/p>\n\n\n\n<p class=\"small text-muted\">Ah\u00fa &#8211; CEP 82200-510<br>Curitiba &#8211; Paran\u00e1<\/p>\n<\/div>\n\n\n\n<div class=\"wp-block-column padding: 0px !important; is-layout-flow wp-block-column-is-layout-flow\">\n<\/div>\n<\/div>\n","protected":false},"excerpt":{"rendered":"<p>Entre em contato conosco atrav\u00e9s do formul\u00e1rio e envie sua mensagem, tire d\u00favidas ou solicite or\u00e7amentos. Voc\u00ea tamb\u00e9m pode entrar em contato conosco atrav\u00e9s das informa\u00e7\u00f5es abaixo: (41) 3206-9019contato@almasge.com.br Localiza\u00e7\u00e3o Rua Coronel Adyr Guimar\u00e3es, 500 Ah\u00fa &#8211; CEP 82200-510Curitiba &#8211; Paran\u00e1<\/p>\n","protected":false},"author":1,"featured_media":59,"parent":0,"menu_order":0,"comment_status":"closed","ping_status":"closed","template":"","meta":{"footnotes":""},"class_list":["post-41","page","type-page","status-publish","has-post-thumbnail","hentry"],"yoast_head":"<!-- This site is optimized with the Yoast SEO plugin v26.9 - https:\/\/yoast.com\/product\/yoast-seo-wordpress\/ -->\n<title>Contato - Alma<\/title>\n<meta name=\"robots\" content=\"index, follow, max-snippet:-1, max-image-preview:large, max-video-preview:-1\" \/>\n<link rel=\"canonical\" href=\"https:\/\/almasge.com.br\/site\/contato\/\" \/>\n<meta property=\"og:locale\" content=\"pt_BR\" \/>\n<meta property=\"og:type\" content=\"article\" \/>\n<meta property=\"og:title\" content=\"Contato - Alma\" \/>\n<meta property=\"og:description\" content=\"Entre em contato conosco atrav\u00e9s do formul\u00e1rio e envie sua mensagem, tire d\u00favidas ou solicite or\u00e7amentos. Voc\u00ea tamb\u00e9m pode entrar em contato conosco atrav\u00e9s das informa\u00e7\u00f5es abaixo: (41) 3206-9019contato@almasge.com.br Localiza\u00e7\u00e3o Rua Coronel Adyr Guimar\u00e3es, 500 Ah\u00fa &#8211; CEP 82200-510Curitiba &#8211; Paran\u00e1\" \/>\n<meta property=\"og:url\" content=\"https:\/\/almasge.com.br\/site\/contato\/\" \/>\n<meta property=\"og:site_name\" content=\"Alma\" \/>\n<meta property=\"article:modified_time\" content=\"2022-11-15T11:11:28+00:00\" \/>\n<meta property=\"og:image\" content=\"https:\/\/almasge.com.br\/site\/wp-content\/uploads\/2019\/07\/o-CELL-PHONE-facebook-e1563317450955.jpg\" \/>\n\t<meta property=\"og:image:width\" content=\"2000\" \/>\n\t<meta property=\"og:image:height\" content=\"720\" \/>\n\t<meta property=\"og:image:type\" content=\"image\/jpeg\" \/>\n<meta name=\"twitter:card\" content=\"summary_large_image\" \/>\n<script type=\"application\/ld+json\" class=\"yoast-schema-graph\">{\"@context\":\"https:\/\/schema.org\",\"@graph\":[{\"@type\":\"WebPage\",\"@id\":\"https:\/\/almasge.com.br\/site\/contato\/\",\"url\":\"https:\/\/almasge.com.br\/site\/contato\/\",\"name\":\"Contato - Alma\",\"isPartOf\":{\"@id\":\"https:\/\/almasge.com.br\/site\/#website\"},\"primaryImageOfPage\":{\"@id\":\"https:\/\/almasge.com.br\/site\/contato\/#primaryimage\"},\"image\":{\"@id\":\"https:\/\/almasge.com.br\/site\/contato\/#primaryimage\"},\"thumbnailUrl\":\"https:\/\/almasge.com.br\/site\/wp-content\/uploads\/2019\/07\/o-CELL-PHONE-facebook-e1563317450955.jpg\",\"datePublished\":\"2019-07-15T15:11:43+00:00\",\"dateModified\":\"2022-11-15T11:11:28+00:00\",\"breadcrumb\":{\"@id\":\"https:\/\/almasge.com.br\/site\/contato\/#breadcrumb\"},\"inLanguage\":\"pt-BR\",\"potentialAction\":[{\"@type\":\"ReadAction\",\"target\":[\"https:\/\/almasge.com.br\/site\/contato\/\"]}]},{\"@type\":\"ImageObject\",\"inLanguage\":\"pt-BR\",\"@id\":\"https:\/\/almasge.com.br\/site\/contato\/#primaryimage\",\"url\":\"https:\/\/almasge.com.br\/site\/wp-content\/uploads\/2019\/07\/o-CELL-PHONE-facebook-e1563317450955.jpg\",\"contentUrl\":\"https:\/\/almasge.com.br\/site\/wp-content\/uploads\/2019\/07\/o-CELL-PHONE-facebook-e1563317450955.jpg\",\"width\":2000,\"height\":720},{\"@type\":\"BreadcrumbList\",\"@id\":\"https:\/\/almasge.com.br\/site\/contato\/#breadcrumb\",\"itemListElement\":[{\"@type\":\"ListItem\",\"position\":1,\"name\":\"In\u00edcio\",\"item\":\"https:\/\/almasge.com.br\/site\/\"},{\"@type\":\"ListItem\",\"position\":2,\"name\":\"Contato\"}]},{\"@type\":\"WebSite\",\"@id\":\"https:\/\/almasge.com.br\/site\/#website\",\"url\":\"https:\/\/almasge.com.br\/site\/\",\"name\":\"Alma\",\"description\":\"Sistemas de Gest\u00e3o Empresarial\",\"publisher\":{\"@id\":\"https:\/\/almasge.com.br\/site\/#organization\"},\"potentialAction\":[{\"@type\":\"SearchAction\",\"target\":{\"@type\":\"EntryPoint\",\"urlTemplate\":\"https:\/\/almasge.com.br\/site\/?s={search_term_string}\"},\"query-input\":{\"@type\":\"PropertyValueSpecification\",\"valueRequired\":true,\"valueName\":\"search_term_string\"}}],\"inLanguage\":\"pt-BR\"},{\"@type\":\"Organization\",\"@id\":\"https:\/\/almasge.com.br\/site\/#organization\",\"name\":\"ALMA Sistemas de Gest\u00e3o Empresarial\",\"url\":\"https:\/\/almasge.com.br\/site\/\",\"logo\":{\"@type\":\"ImageObject\",\"inLanguage\":\"pt-BR\",\"@id\":\"https:\/\/almasge.com.br\/site\/#\/schema\/logo\/image\/\",\"url\":\"https:\/\/almasge.com.br\/site\/wp-content\/uploads\/2019\/07\/logo_ico.png\",\"contentUrl\":\"https:\/\/almasge.com.br\/site\/wp-content\/uploads\/2019\/07\/logo_ico.png\",\"width\":512,\"height\":512,\"caption\":\"ALMA Sistemas de Gest\u00e3o Empresarial\"},\"image\":{\"@id\":\"https:\/\/almasge.com.br\/site\/#\/schema\/logo\/image\/\"}}]}<\/script>\n<!-- \/ Yoast SEO plugin. -->","yoast_head_json":{"title":"Contato - Alma","robots":{"index":"index","follow":"follow","max-snippet":"max-snippet:-1","max-image-preview":"max-image-preview:large","max-video-preview":"max-video-preview:-1"},"canonical":"https:\/\/almasge.com.br\/site\/contato\/","og_locale":"pt_BR","og_type":"article","og_title":"Contato - Alma","og_description":"Entre em contato conosco atrav\u00e9s do formul\u00e1rio e envie sua mensagem, tire d\u00favidas ou solicite or\u00e7amentos. Voc\u00ea tamb\u00e9m pode entrar em contato conosco atrav\u00e9s das informa\u00e7\u00f5es abaixo: (41) 3206-9019contato@almasge.com.br Localiza\u00e7\u00e3o Rua Coronel Adyr Guimar\u00e3es, 500 Ah\u00fa &#8211; CEP 82200-510Curitiba &#8211; Paran\u00e1","og_url":"https:\/\/almasge.com.br\/site\/contato\/","og_site_name":"Alma","article_modified_time":"2022-11-15T11:11:28+00:00","og_image":[{"width":2000,"height":720,"url":"https:\/\/almasge.com.br\/site\/wp-content\/uploads\/2019\/07\/o-CELL-PHONE-facebook-e1563317450955.jpg","type":"image\/jpeg"}],"twitter_card":"summary_large_image","schema":{"@context":"https:\/\/schema.org","@graph":[{"@type":"WebPage","@id":"https:\/\/almasge.com.br\/site\/contato\/","url":"https:\/\/almasge.com.br\/site\/contato\/","name":"Contato - Alma","isPartOf":{"@id":"https:\/\/almasge.com.br\/site\/#website"},"primaryImageOfPage":{"@id":"https:\/\/almasge.com.br\/site\/contato\/#primaryimage"},"image":{"@id":"https:\/\/almasge.com.br\/site\/contato\/#primaryimage"},"thumbnailUrl":"https:\/\/almasge.com.br\/site\/wp-content\/uploads\/2019\/07\/o-CELL-PHONE-facebook-e1563317450955.jpg","datePublished":"2019-07-15T15:11:43+00:00","dateModified":"2022-11-15T11:11:28+00:00","breadcrumb":{"@id":"https:\/\/almasge.com.br\/site\/contato\/#breadcrumb"},"inLanguage":"pt-BR","potentialAction":[{"@type":"ReadAction","target":["https:\/\/almasge.com.br\/site\/contato\/"]}]},{"@type":"ImageObject","inLanguage":"pt-BR","@id":"https:\/\/almasge.com.br\/site\/contato\/#primaryimage","url":"https:\/\/almasge.com.br\/site\/wp-content\/uploads\/2019\/07\/o-CELL-PHONE-facebook-e1563317450955.jpg","contentUrl":"https:\/\/almasge.com.br\/site\/wp-content\/uploads\/2019\/07\/o-CELL-PHONE-facebook-e1563317450955.jpg","width":2000,"height":720},{"@type":"BreadcrumbList","@id":"https:\/\/almasge.com.br\/site\/contato\/#breadcrumb","itemListElement":[{"@type":"ListItem","position":1,"name":"In\u00edcio","item":"https:\/\/almasge.com.br\/site\/"},{"@type":"ListItem","position":2,"name":"Contato"}]},{"@type":"WebSite","@id":"https:\/\/almasge.com.br\/site\/#website","url":"https:\/\/almasge.com.br\/site\/","name":"Alma","description":"Sistemas de Gest\u00e3o Empresarial","publisher":{"@id":"https:\/\/almasge.com.br\/site\/#organization"},"potentialAction":[{"@type":"SearchAction","target":{"@type":"EntryPoint","urlTemplate":"https:\/\/almasge.com.br\/site\/?s={search_term_string}"},"query-input":{"@type":"PropertyValueSpecification","valueRequired":true,"valueName":"search_term_string"}}],"inLanguage":"pt-BR"},{"@type":"Organization","@id":"https:\/\/almasge.com.br\/site\/#organization","name":"ALMA Sistemas de Gest\u00e3o Empresarial","url":"https:\/\/almasge.com.br\/site\/","logo":{"@type":"ImageObject","inLanguage":"pt-BR","@id":"https:\/\/almasge.com.br\/site\/#\/schema\/logo\/image\/","url":"https:\/\/almasge.com.br\/site\/wp-content\/uploads\/2019\/07\/logo_ico.png","contentUrl":"https:\/\/almasge.com.br\/site\/wp-content\/uploads\/2019\/07\/logo_ico.png","width":512,"height":512,"caption":"ALMA Sistemas de Gest\u00e3o Empresarial"},"image":{"@id":"https:\/\/almasge.com.br\/site\/#\/schema\/logo\/image\/"}}]}},"_links":{"self":[{"href":"https:\/\/almasge.com.br\/site\/wp-json\/wp\/v2\/pages\/41","targetHints":{"allow":["GET"]}}],"collection":[{"href":"https:\/\/almasge.com.br\/site\/wp-json\/wp\/v2\/pages"}],"about":[{"href":"https:\/\/almasge.com.br\/site\/wp-json\/wp\/v2\/types\/page"}],"author":[{"embeddable":true,"href":"https:\/\/almasge.com.br\/site\/wp-json\/wp\/v2\/users\/1"}],"replies":[{"embeddable":true,"href":"https:\/\/almasge.com.br\/site\/wp-json\/wp\/v2\/comments?post=41"}],"version-history":[{"count":22,"href":"https:\/\/almasge.com.br\/site\/wp-json\/wp\/v2\/pages\/41\/revisions"}],"predecessor-version":[{"id":1034,"href":"https:\/\/almasge.com.br\/site\/wp-json\/wp\/v2\/pages\/41\/revisions\/1034"}],"wp:featuredmedia":[{"embeddable":true,"href":"https:\/\/almasge.com.br\/site\/wp-json\/wp\/v2\/media\/59"}],"wp:attachment":[{"href":"https:\/\/almasge.com.br\/site\/wp-json\/wp\/v2\/media?parent=41"}],"curies":[{"name":"wp","href":"https:\/\/api.w.org\/{rel}","templated":true}]}}